 the remainder when 3082 is divided by 3.
1
Calculate the remainder when 12118 is divided by 391.
388
What is the remainder when 76 is divided by 41?
35
What is the remainder when 96 is divided by 25?
21
Calculate the remainder when 191 is divided by 24.
23
What is the remainder when 109 is divided by 67?
42
Calculate the remainder when 161 is divided by 80.
1
What is the remainder when 364 is divided by 92?
88
Calculate the remainder when 65 is divided by 28.
9
What is the remainder when 128 is divided by 43?
42
What is the remainder when 1999 is divided by 994?
11
Calculate the remainder when 685 is divided by 98.
97
Calculate the remainder when 1549 is divided by 120.
109
Calculate the remainder when 392 is divided by 51.
35
What is the remainder when 788 is divided by 44?
40
What is the remainder when 17683 is divided by 268?
263
What is the remainder when 2136 is divided by 17?
11
What is the remainder when 5417 is divided by 58?
23
What is the remainder when 21 is divided by 5?
1
Calculate the remainder when 2019 is divided by 3.
0
What is the remainder when 328 is divided by 10?
8
What is the remainder when 2121 is divided by 118?
115
Calculate the remainder when 76 is divided by 13.
11
Calculate the remainder when 1435 is divided by 72.
67
What is the remainder when 339 is divided by 166?
7
Calculate the remainder when 2517 is divided by 28.
25
Calculate the remainder when 4672 is divided by 41.
39
Calculate the remainder when 63011 is divided by 236.
235
Calculate the remainder when 443 is divided by 111.
110
What is the remainder when 176 is divided by 45?
41
Calculate the remainder when 137 is divided by 135.
2
What is the remainder when 261 is divided by 133?
128
What is the remainder when 35 is divided by 14?
7
Calculate the remainder when 403 is divided by 9.
7
What is the remainder when 225 is divided by 115?
110
What is the remainder when 457 is divided by 31?
23
Calculate the remainder when 160 is divided by 75.
10
What is the remainder when 2430 is divided by 13?
12
What is the remainder when 37941 is divided by 68?
65
What is the remainder when 23847 is divided by 10?
7
Calculate the remainder when 101 is divided by 47.
7
What is the remainder when 66 is divided by 8?
2
Calculate the remainder when 13 is divided by 1.
0
What is the remainder when 165 is divided by 88?
77
What is the remainder when 66 is divided by 8?
2
Calculate the remainder when 73 is divided by 20.
13
Calculate the remainder when 51 is divided by 14.
9
What is the remainder when 199 is divided by 28?
3
Calculate the remainder when 407 is divided by 68.
67
What is the remainder when 294 is divided by 27?
24
Calculate the remainder when 2079 is divided by 2072.
7
What is the remainder when 3803 is divided by 34?
29
What is the remainder when 160 is divided by 18?
16
Calculate the remainder when 7407 is divided by 114.
111
Calculate the remainder when 291 is divided by 73.
72
Calculate the remainder when 681 is divided by 18.
15
What is the remainder when 1055 is divided by 177?
170
Calculate the remainder when 669 is divided by 61.
59
What is the remainder when 810 is divided by 56?
26
Calculate the remainder when 186 is divided by 10.
6
What is the remainder when 3081 is divided by 67?
66
What is the remainder when 2913 is divided by 81?
78
Calculate the remainder when 290 is divided by 23.
14
Calculate the remainder when 1154 is divided by 8.
2
What is the remainder when 926 is divided by 9?
8
What is the remainder when 279 is divided by 41?
33
What is the remainder when 6968 is divided by 1160?
8
Calculate the remainder when 770 is divided by 18.
14
Calculate the remainder when 316 is divided by 81.
73
Calculate the remainder when 215 is divided by 72.
71
What is the remainder when 837 is divided by 118?
11
What is the remainder when 269 is divided by 12?
5
What is the remainder when 141 is divided by 16?
13
What is the remainder when 407 is divided by 211?
196
What is the remainder when 60 is divided by 31?
29
Calculate the remainder when 259 is divided by 28.
7
What is the remainder when 688 is divided by 147?
100
What is the remainder when 2416 is divided by 135?
121
What is the remainder when 1633 is divided by 3?
1
What is the remainder when 271 is divided by 63?
19
Calculate the remainder when 299 is divided by 76.
71
What is the remainder when 79 is divided by 75?
4
Calculate the remainder when 3652 is divided by 21.
19
Calculate the remainder when 29 is divided by 23.
6
Calculate the remainder when 52517 is divided by 10.
7
Calculate the remainder when 6259 is divided by 20.
19
What is the remainder when 102 is divided by 31?
9
Calculate the remainder when 799 is divided by 266.
1
What is the remainder when 1158 is divided by 3?
0
What is the remainder when 80 is divided by 21?
17
Calculate the remainder when 424 is divided by 56.
32
What is the remainder when 2038 is divided by 146?
140
Calculate the remainder when 256 is divided by 53.
44
Calculate the remainder when 139 is divided by 10.
9
Calculate the remainder when 108 is divided by 11.
9
Calculate the remainder when 631 is divided by 79.
78
Calculate the remainder when 5427 is divided by 21.
9
Calculate the remainder when 675 is divided by 61.
4
What is the remainder when 9553 is divided by 121?
115
What is the remainder when 1301 is divided by 21?
20
Calculate the remainder when 1244 is divided by 159.
131
Calculate the remainder when 25 is divided by 2.
1
Calculate the remainder when 4411 is divided by 98.
1
Calculate the remainder when 224 is divided by 24.
8
Calculate the remainder when 672 is divided by 165.
12
Calculate the remainder when 9143 is divided by 261.
8
Calculate the remainder when 12197 is divided by 50.
47
Calculate the remainder when 660 is divided by 23.
16
What is the remainder when 108 is divided by 28?
24
Calculate the remainder when 543 is divided by 33.
15
What is the remainder when 148 is divided by 36?
4
What is the remainder when 59 is divided by 46?
13
Calculate the remainder when 25 is divided by 16.
9
Calculate the remainder when 963 is divided by 57.
51
Calculate the remainder when 404 is divided by 17.
13
What is the remainder when 390 is divided by 56?
54
What is the remainder when 593 is divided by 54?
53
What is the remainder when 31 is divided by 12?
7
What is the remainder when 136 is divided by 44?
4
What is the remainder when 1662 is divided by 47?
17
What is the remainder when 2940 is divided by 76?
52
Calculate the remainder when 424 is divided by 33.
28
What is the remainder when 587 is divided by 19?
17
Calculate the remainder when 1138 is divided by 12.
10
What is the remainder when 13 is divided by 4?
1
Calculate the remainder when 6846 is divided by 11.
4
Calculate the remainder when 316 is divided by 16.
12
Calculate the remainder when 219 is divided by 117.
102
What is the remainder when 5484 is divided by 93?
90
Calculate the remainder when 193 is divided by 22.
17
What is the remainder when 361 is divided by 64?
41
What is the remainder when 98 is divided by 11?
10
Calculate the remainder when 469 is divided by 119.
112
Calculate the remainder when 1241 is divided by 23.
22
Calculate the remainder when 169 is divided by 51.
16
What is the remainder when 130 is divided by 38?
16
What is the remainder when 5517 is divided by 115?
112
What is the remainder when 536 is divided by 135?
131
What is the remainder when 121 is divided by 43?
35
What is the remainder when 183 is divided by 86?
11
Calculate the remainder when 188 is divided by 48.
44
What is the remainder when 71 is divided by 12?
11
What is the remainder when 3261 is divided by 13?
11
Calculate the remainder when 601 is divided by 14.
13
What is the remainder when 109 is divided by 89?
20
Calculate the remainder when 10907 is divided by 22.
17
What is the remainder when 242 is divided by 16?
2
What is the remainder when 242 is divided by 49?
46
What is the remainder when 339 is divided by 85?
84
Calculate the remainder when 725 is divided by 28.
25
Calculate the remainder when 123 is divided by 13.
6
What is the remainder when 27465 is divided by 252?
249
What is the remainder when 1511 is divided by 313?
259
Calculate the remainder when 55 is divided by 15.
10
What is the rem